{"id":634,"date":"2024-11-23T15:26:01","date_gmt":"2024-11-23T14:26:01","guid":{"rendered":"https:\/\/www.sanjuanikastetxea.eus\/politica-de-privacidad\/"},"modified":"2024-12-17T22:20:40","modified_gmt":"2024-12-17T21:20:40","slug":"politica-de-privacidad","status":"publish","type":"page","link":"https:\/\/www.sanjuanikastetxea.eus\/eu\/politica-de-privacidad\/","title":{"rendered":"Pol\u00edtica de Privacidad"},"content":{"rendered":"<div class=\"wpb-content-wrapper\"><p>[vc_row][vc_column]<div class=\"dfd-heading-shortcode\"><div class=\"dfd-heading-module-wrap  text-left style_01 dfd-heading-69f43de1e05f2 dfd-disable-resposive-headings\" id=\"dfd-heading-69f43de1e05f2\" ><div class=\"inline-block\"><div class=\"dfd-heading-module\"><h1 class=\"widget-title dfd-title \" style=\"\"><\/p>\r\n<p>Pol\u00edtica de Privacidad<\/p>\r\n<p><\/h1><\/div><\/div><\/div><script type=\"text\/javascript\">\n\t\t\t\t\t\t\t\t\t(function($) {\n\t\t\t\t\t\t\t\t\t\t$(\"head\").append(\"<style>.dfd-heading-69f43de1e05f2 .dfd-heading-module .widget-title {margin-bottom:20px;}.dfd-heading-69f43de1e05f2.dfd-heading-module-wrap .dfd-heading-module .dfd-heading-delimiter {margin-top:10px;margin-bottom:10px;}<\/style>\");\n\t\t\t\t\t\t\t\t\t})(jQuery);\n\t\t\t\t\t\t\t\t<\/script><\/div>[vc_column_text css=&#8221;&#8221;]<\/p>\r\n<h3 class=\"wp-block-heading\"><strong>Pol\u00edtica de protecci\u00f3n de datos en SAN JUAN IKASTETXEA<\/strong><\/h3>\r\n<p class=\"wp-block-heading\">Conforme al Reglamento (UE) 2016\/679 del Parlamento y del Consejo de 27 de abril de 2016, relativo a la protecci\u00f3n de las personas f\u00edsicas en lo que respecta al tratamiento de sus datos personales y la libre circulaci\u00f3n de \u00e9stos, se informa a las personas usuarias de esta p\u00e1gina, de los siguientes aspectos:<\/p>\r\n<p>\u00a0<\/p>\r\n\r\n<h3 class=\"wp-block-heading\"><strong>\u00bfQUI\u00c9N ES EL RESPONSABLE DEL TRATAMIENTO DE SUS DATOS?<\/strong><\/h3>\r\n<p class=\"wp-block-heading\">SAN JUAN BAUTISTA IKASTETXEA, con n\u00famero de CIF R4800608D y domicilio en c\/ San Juan n\u00ba 42, 48550 Muskiz, Bizkaia.<\/p>\r\n<p>\r\n\r\nEn cumplimiento de la normativa de protecci\u00f3n de datos este Centro Educativo ha designado un Delegado de Protecci\u00f3n de Datos (DPO \/ Data Protection Officer) cuyo nombramiento ha reca\u00eddo en Bultz-Lan Consulting.<\/p>\r\n<p>\r\n\r\nPuede contactar con nuestro DPO en la siguiente direcci\u00f3n de correo electr\u00f3nico: dpo@elizbarrutikoikastetxeak.org<\/p>\r\n<p>\u00a0<\/p>\r\n\r\n<h3 class=\"wp-block-heading\"><strong>FINALIDAD DE LOS DATOS PERSONALES QUE TRATAMOS<\/strong><\/h3>\r\n<p class=\"wp-block-heading\">Sus datos personales podr\u00e1n ser tratados con las siguientes finalidades:<\/p>\r\n<p>\r\n\r\nPara el cumplimiento de las obligaciones legales derivadas de los servicios educativos que ofrecemos.<\/p>\r\n<p>\r\n\r\nGestionar las solicitudes de informaci\u00f3n para realizar estudios en nuestro Centro.<\/p>\r\n<p>\r\n\r\nPara informarles de nuestras actividades y de nuestra oferta acad\u00e9mica.<\/p>\r\n<p>\r\n\r\nPara el desarrollo y prestaci\u00f3n de nuestros servicios.<\/p>\r\n<p>\u00a0<\/p>\r\n\r\n<h3 class=\"wp-block-heading\"><strong>LEGITIMACI\u00d3N LEGAL PARA EL TRATAMIENTO DE SUS DATOS<\/strong><\/h3>\r\n<p class=\"wp-block-heading\">La base legal para el tratamiento de sus datos est\u00e1 basado en el consentimiento obtenido de la persona interesada y en el cumplimiento de obligaciones legales. Asimismo, este Centro Educativo est\u00e1 legitimado para el tratamiento de los datos personales de su alumnado en virtud de la Ley Org\u00e1nica de Educaci\u00f3n (LOE).<\/p>\r\n<p>\u00a0<\/p>\r\n\r\n<h3 class=\"wp-block-heading\"><strong>\u00bfPOR CU\u00c1NTO TIEMPO SE CONSERVAR\u00c1N SUS DATOS?<\/strong><\/h3>\r\n<p class=\"wp-block-heading\">Los datos del alumno\/a relacionados con su expediente acad\u00e9mico se conservar\u00e1n de forma indefinida, conforme a la Ley Org\u00e1nica de Educaci\u00f3n.<\/p>\r\n<p>\r\n\r\nLos datos personales de contacto se conservar\u00e1n mientras no se solicite su supresi\u00f3n por el interesado.<\/p>\r\n<p>\r\n\r\nLos datos tratados para el cumplimiento de\u00a0obligaciones legales\u00a0se conservar\u00e1n durante el tiempo establecido en la legislaci\u00f3n aplicable.<\/p>\r\n<p>\r\n\r\nLos datos tratados para el env\u00edo de\u00a0las comunicaciones electr\u00f3nicas\u00a0a las que se haya suscrito ser\u00e1n conservados mientras no se d\u00e9 de baja del\u00a0<em>newsletter<\/em>\u00a0y\/o ejercite sus derechos de oposici\u00f3n y\/o supresi\u00f3n.<\/p>\r\n<p>\u00a0<\/p>\r\n\r\n<h3 class=\"wp-block-heading\"><strong>\u00bfA QUI\u00c9NES SE PODR\u00c1N COMUNICAR SUS DATOS?<\/strong><\/h3>\r\n<p class=\"wp-block-heading\">Determinados datos personales que nos proporciona podr\u00e1n cederse para la prestaci\u00f3n de las finalidades antedichas.<\/p>\r\n<p>\r\n\r\nEn su caso, a otros centros educativos en los que el alumno\/a contin\u00fae con su itinerario educativo, a instituciones y empresas en las que el alumnado participa en actividades complementarias y\/o cuando realicen intercambios escolares, al AMPA y\/o a la Asociaci\u00f3n de antiguos alumnos del centro, al Departamento de Educaci\u00f3n del Gobierno Vasco, a entidades financieras para gestionar el cobro de matr\u00edcula y cuotas acad\u00e9micas, a la compa\u00f1\u00eda de seguros con la que se tiene contratado el seguro escolar, y toda otra cesi\u00f3n autorizada por Ley.<\/p>\r\n<p>\u00a0<\/p>\r\n\r\n<h3 class=\"wp-block-heading\"><strong>\u00bfCU\u00c1LES SON SUS DERECHOS CU\u00c1NDO NOS FACILITA SUS DATOS?<\/strong><\/h3>\r\n<p class=\"wp-block-heading\">El interesado puede ejercitar los derechos de acceso, rectificaci\u00f3n, supresi\u00f3n, limitaci\u00f3n del tratamiento y portabilidad de sus datos personales.<\/p>\r\n<p>\r\n\r\nPara el ejercicio de los citados derechos deber\u00e1 hacerlo a trav\u00e9s de carta dirigida a SAN JUAN BAUTISTA IKASTETXEA o bien mediante correo electr\u00f3nico a la siguiente direcci\u00f3n: secretaria@sanjuanikastetxea.net Deber\u00e1 enviarse junto con prueba v\u00e1lida en derecho, como fotocopia del DNI e indicando en el asunto \u201cPROTECCI\u00d3N DE DATOS\u201d.<\/p>\r\n<p>\r\n\r\nPuede descargarse el escrito correspondiente desde los siguientes enlaces:<\/p>\r\n<p>\u00a0<\/p>\r\n\r\n<figure class=\"wp-block-embed\">\r\n<div class=\"wp-block-embed__wrapper\"><a href=\"https:\/\/www.aepd.es\/media\/formularios\/formulario-derecho-de-acceso.pdf\" target=\"_blank\" rel=\"noopener\">https:\/\/www.aepd.es\/media\/formularios\/formulario-derecho-de-acceso.pdf<\/a><\/div>\r\n<\/figure>\r\n<p>\u00a0<\/p>\r\n\r\n<figure class=\"wp-block-embed\">\r\n<div class=\"wp-block-embed__wrapper\"><a href=\"https:\/\/www.aepd.es\/media\/formularios\/formulario-derecho-de-rectificacion.pdf\" target=\"_blank\" rel=\"noopener\">https:\/\/www.aepd.es\/media\/formularios\/formulario-derecho-de-rectificacion.pdf<\/a><\/div>\r\n<\/figure>\r\n<p>\u00a0<\/p>\r\n\r\n<figure class=\"wp-block-embed\">\r\n<div class=\"wp-block-embed__wrapper\"><a href=\"https:\/\/www.aepd.es\/media\/formularios\/formulario-derecho-de-oposicion.pdf\" target=\"_blank\" rel=\"noopener\">https:\/\/www.aepd.es\/media\/formularios\/formulario-derecho-de-oposicion.pdf<\/a><\/div>\r\n<\/figure>\r\n<p>\u00a0<\/p>\r\n\r\n<figure class=\"wp-block-embed\">\r\n<div class=\"wp-block-embed__wrapper\"><a href=\"https:\/\/www.aepd.es\/media\/formularios\/formulario-derecho-de-supresion.pdf\" target=\"_blank\" rel=\"noopener\">https:\/\/www.aepd.es\/media\/formularios\/formulario-derecho-de-supresion.pdf<\/a><\/div>\r\n<\/figure>\r\n<p>\u00a0<\/p>\r\n\r\n<figure class=\"wp-block-embed\">\r\n<div class=\"wp-block-embed__wrapper\"><a href=\"https:\/\/www.aepd.es\/media\/formularios\/formulario-derecho-de-limitacion.pdf\" target=\"_blank\" rel=\"noopener\">https:\/\/www.aepd.es\/media\/formularios\/formulario-derecho-de-limitacion.pdf<\/a><\/div>\r\n<\/figure>\r\n<p>\u00a0<\/p>\r\n\r\n<figure class=\"wp-block-embed\">\r\n<div class=\"wp-block-embed__wrapper\"><a href=\"https:\/\/www.aepd.es\/media\/formularios\/formulario-derecho-de-portabilidad.pdf\" target=\"_blank\" rel=\"noopener\">https:\/\/www.aepd.es\/media\/formularios\/formulario-derecho-de-portabilidad.pdf<\/a><\/div>\r\n<\/figure>\r\n<p>\r\n\r\nAsimismo, se informa del derecho a presentar una reclamaci\u00f3n derivada del tratamiento de sus datos personales ante la Agencia Espa\u00f1ola de Protecci\u00f3n de Datos. No obstante, si considera que no hemos tratado sus datos personales de forma adecuada, podr\u00e1 contactar con el Delegado de Protecci\u00f3n de Datos en la siguiente direcci\u00f3n:\u00a0<a href=\"mailto:dpo@elizbarrutikoikastetxeak.org\">dpo@elizbarrutikoikastetxeak.org<\/a><\/p>\r\n<p>\u00a0<\/p>\r\n\r\n<h3 class=\"wp-block-heading\"><strong>SEGURIDAD DE LOS DATOS<\/strong><\/h3>\r\n<p class=\"wp-block-heading\">Toda informaci\u00f3n personal que nos sea facilitada ser\u00e1 tratada de forma confidencial y dando cumplimiento a las obligaciones de seguridad necesarias para impedir el acceso por terceros no autorizados y evitar su alteraci\u00f3n, p\u00e9rdida o tratamiento no autorizado.<\/p>\r\n<p>[\/vc_column_text][\/vc_column][\/vc_row]<\/p><\/div>","protected":false},"excerpt":{"rendered":"<p>[vc_row][vc_column][vc_column_text css=&#8221;&#8221;] Pol\u00edtica de protecci\u00f3n de datos en SAN JUAN IKASTETXEA Conforme al Reglamento (UE) 2016\/679 del Parlamento y del Consejo de 27 de abril de 2016, relativo a la<\/p>\n","protected":false},"author":1,"featured_media":0,"parent":0,"menu_order":0,"comment_status":"closed","ping_status":"open","template":"","meta":{"footnotes":""},"class_list":["post-634","page","type-page","status-publish","hentry"],"_links":{"self":[{"href":"https:\/\/www.sanjuanikastetxea.eus\/eu\/wp-json\/wp\/v2\/pages\/634","targetHints":{"allow":["GET"]}}],"collection":[{"href":"https:\/\/www.sanjuanikastetxea.eus\/eu\/wp-json\/wp\/v2\/pages"}],"about":[{"href":"https:\/\/www.sanjuanikastetxea.eus\/eu\/wp-json\/wp\/v2\/types\/page"}],"author":[{"embeddable":true,"href":"https:\/\/www.sanjuanikastetxea.eus\/eu\/wp-json\/wp\/v2\/users\/1"}],"replies":[{"embeddable":true,"href":"https:\/\/www.sanjuanikastetxea.eus\/eu\/wp-json\/wp\/v2\/comments?post=634"}],"version-history":[{"count":1,"href":"https:\/\/www.sanjuanikastetxea.eus\/eu\/wp-json\/wp\/v2\/pages\/634\/revisions"}],"predecessor-version":[{"id":635,"href":"https:\/\/www.sanjuanikastetxea.eus\/eu\/wp-json\/wp\/v2\/pages\/634\/revisions\/635"}],"wp:attachment":[{"href":"https:\/\/www.sanjuanikastetxea.eus\/eu\/wp-json\/wp\/v2\/media?parent=634"}],"curies":[{"name":"wp","href":"https:\/\/api.w.org\/{rel}","templated":true}]}}

Política de Privacidad

<div class="wpb-content-wrapper"><p>[vc_row][vc_column]<div class="dfd-heading-shortcode"><div class="dfd-heading-module-wrap  text-left style_01 dfd-heading-69f43de1e05f2 dfd-disable-resposive-headings" id="dfd-heading-69f43de1e05f2" ><div class="inline-block"><div class="dfd-heading-module"><h1 class="widget-title dfd-title " style=""></p>
<p>Política de Privacidad</p>
<p></h1></div></div></div><script type="text/javascript">
									(function($) {
										$("head").append("<style>.dfd-heading-69f43de1e05f2 .dfd-heading-module .widget-title {margin-bottom:20px;}.dfd-heading-69f43de1e05f2.dfd-heading-module-wrap .dfd-heading-module .dfd-heading-delimiter {margin-top:10px;margin-bottom:10px;}</style>");
									})(jQuery);
								</script></div>[vc_column_text css=&#8221;&#8221;]</p>
<h3 class="wp-block-heading"><strong>Política de protección de datos en SAN JUAN IKASTETXEA</strong></h3>
<p class="wp-block-heading">Conforme al Reglamento (UE) 2016/679 del Parlamento y del Consejo de 27 de abril de 2016, relativo a la protección de las personas físicas en lo que respecta al tratamiento de sus datos personales y la libre circulación de éstos, se informa a las personas usuarias de esta página, de los siguientes aspectos:</p>
<p> </p>

<h3 class="wp-block-heading"><strong>¿QUIÉN ES EL RESPONSABLE DEL TRATAMIENTO DE SUS DATOS?</strong></h3>
<p class="wp-block-heading">SAN JUAN BAUTISTA IKASTETXEA, con número de CIF R4800608D y domicilio en c/ San Juan nº 42, 48550 Muskiz, Bizkaia.</p>
<p>

En cumplimiento de la normativa de protección de datos este Centro Educativo ha designado un Delegado de Protección de Datos (DPO / Data Protection Officer) cuyo nombramiento ha recaído en Bultz-Lan Consulting.</p>
<p>

Puede contactar con nuestro DPO en la siguiente dirección de correo electrónico: dpo@elizbarrutikoikastetxeak.org</p>
<p> </p>

<h3 class="wp-block-heading"><strong>FINALIDAD DE LOS DATOS PERSONALES QUE TRATAMOS</strong></h3>
<p class="wp-block-heading">Sus datos personales podrán ser tratados con las siguientes finalidades:</p>
<p>

Para el cumplimiento de las obligaciones legales derivadas de los servicios educativos que ofrecemos.</p>
<p>

Gestionar las solicitudes de información para realizar estudios en nuestro Centro.</p>
<p>

Para informarles de nuestras actividades y de nuestra oferta académica.</p>
<p>

Para el desarrollo y prestación de nuestros servicios.</p>
<p> </p>

<h3 class="wp-block-heading"><strong>LEGITIMACIÓN LEGAL PARA EL TRATAMIENTO DE SUS DATOS</strong></h3>
<p class="wp-block-heading">La base legal para el tratamiento de sus datos está basado en el consentimiento obtenido de la persona interesada y en el cumplimiento de obligaciones legales. Asimismo, este Centro Educativo está legitimado para el tratamiento de los datos personales de su alumnado en virtud de la Ley Orgánica de Educación (LOE).</p>
<p> </p>

<h3 class="wp-block-heading"><strong>¿POR CUÁNTO TIEMPO SE CONSERVARÁN SUS DATOS?</strong></h3>
<p class="wp-block-heading">Los datos del alumno/a relacionados con su expediente académico se conservarán de forma indefinida, conforme a la Ley Orgánica de Educación.</p>
<p>

Los datos personales de contacto se conservarán mientras no se solicite su supresión por el interesado.</p>
<p>

Los datos tratados para el cumplimiento de obligaciones legales se conservarán durante el tiempo establecido en la legislación aplicable.</p>
<p>

Los datos tratados para el envío de las comunicaciones electrónicas a las que se haya suscrito serán conservados mientras no se dé de baja del <em>newsletter</em> y/o ejercite sus derechos de oposición y/o supresión.</p>
<p> </p>

<h3 class="wp-block-heading"><strong>¿A QUIÉNES SE PODRÁN COMUNICAR SUS DATOS?</strong></h3>
<p class="wp-block-heading">Determinados datos personales que nos proporciona podrán cederse para la prestación de las finalidades antedichas.</p>
<p>

En su caso, a otros centros educativos en los que el alumno/a continúe con su itinerario educativo, a instituciones y empresas en las que el alumnado participa en actividades complementarias y/o cuando realicen intercambios escolares, al AMPA y/o a la Asociación de antiguos alumnos del centro, al Departamento de Educación del Gobierno Vasco, a entidades financieras para gestionar el cobro de matrícula y cuotas académicas, a la compañía de seguros con la que se tiene contratado el seguro escolar, y toda otra cesión autorizada por Ley.</p>
<p> </p>

<h3 class="wp-block-heading"><strong>¿CUÁLES SON SUS DERECHOS CUÁNDO NOS FACILITA SUS DATOS?</strong></h3>
<p class="wp-block-heading">El interesado puede ejercitar los derechos de acceso, rectificación, supresión, limitación del tratamiento y portabilidad de sus datos personales.</p>
<p>

Para el ejercicio de los citados derechos deberá hacerlo a través de carta dirigida a SAN JUAN BAUTISTA IKASTETXEA o bien mediante correo electrónico a la siguiente dirección: secretaria@sanjuanikastetxea.net Deberá enviarse junto con prueba válida en derecho, como fotocopia del DNI e indicando en el asunto “PROTECCIÓN DE DATOS”.</p>
<p>

Puede descargarse el escrito correspondiente desde los siguientes enlaces:</p>
<p> </p>

<figure class="wp-block-embed">
<div class="wp-block-embed__wrapper"><a href="https://www.aepd.es/media/formularios/formulario-derecho-de-acceso.pdf" target="_blank" rel="noopener">https://www.aepd.es/media/formularios/formulario-derecho-de-acceso.pdf</a></div>
</figure>
<p> </p>

<figure class="wp-block-embed">
<div class="wp-block-embed__wrapper"><a href="https://www.aepd.es/media/formularios/formulario-derecho-de-rectificacion.pdf" target="_blank" rel="noopener">https://www.aepd.es/media/formularios/formulario-derecho-de-rectificacion.pdf</a></div>
</figure>
<p> </p>

<figure class="wp-block-embed">
<div class="wp-block-embed__wrapper"><a href="https://www.aepd.es/media/formularios/formulario-derecho-de-oposicion.pdf" target="_blank" rel="noopener">https://www.aepd.es/media/formularios/formulario-derecho-de-oposicion.pdf</a></div>
</figure>
<p> </p>

<figure class="wp-block-embed">
<div class="wp-block-embed__wrapper"><a href="https://www.aepd.es/media/formularios/formulario-derecho-de-supresion.pdf" target="_blank" rel="noopener">https://www.aepd.es/media/formularios/formulario-derecho-de-supresion.pdf</a></div>
</figure>
<p> </p>

<figure class="wp-block-embed">
<div class="wp-block-embed__wrapper"><a href="https://www.aepd.es/media/formularios/formulario-derecho-de-limitacion.pdf" target="_blank" rel="noopener">https://www.aepd.es/media/formularios/formulario-derecho-de-limitacion.pdf</a></div>
</figure>
<p> </p>

<figure class="wp-block-embed">
<div class="wp-block-embed__wrapper"><a href="https://www.aepd.es/media/formularios/formulario-derecho-de-portabilidad.pdf" target="_blank" rel="noopener">https://www.aepd.es/media/formularios/formulario-derecho-de-portabilidad.pdf</a></div>
</figure>
<p>

Asimismo, se informa del derecho a presentar una reclamación derivada del tratamiento de sus datos personales ante la Agencia Española de Protección de Datos. No obstante, si considera que no hemos tratado sus datos personales de forma adecuada, podrá contactar con el Delegado de Protección de Datos en la siguiente dirección: <a href="mailto:dpo@elizbarrutikoikastetxeak.org">dpo@elizbarrutikoikastetxeak.org</a></p>
<p> </p>

<h3 class="wp-block-heading"><strong>SEGURIDAD DE LOS DATOS</strong></h3>
<p class="wp-block-heading">Toda información personal que nos sea facilitada será tratada de forma confidencial y dando cumplimiento a las obligaciones de seguridad necesarias para impedir el acceso por terceros no autorizados y evitar su alteración, pérdida o tratamiento no autorizado.</p>
<p>[/vc_column_text][/vc_column][/vc_row]</p></div>

<p>[vc_row][vc_column][vc_column_text css=&#8221;&#8221;] Política de protección de datos en SAN JUAN IKASTETXEA Conforme al Reglamento (UE) 2016/679 del Parlamento y del Consejo de 27 de abril de 2016, relativo a la</p>
